what is 24 + -11?
13
In base 8, what is 3 + 60?
63
In base 4, what is -210313 + -3?
-210322
In base 13, what is -10c - 2?
-111
In base 6, what is -3 - 154?
-201
In base 16, what is 4c1 - -3?
4c4
In base 2, what is 10 - 1011?
-1001
In base 4, what is -10 + 2203?
2133
In base 12, what is -b57a - -3?
-b577
In base 11, what is 51 + 4?
55
In base 5, what is -11 + 4130?
4114
In base 11, what is 6 - 52?
-47
In base 6, what is -202 - 102?
-304
In base 3, what is 2012 + -12121?
-10102
In base 11, what is -97 - 45?
-131
In base 14, what is -1 + 11c?
11b
In base 14, what is -4 + 188?
184
In base 2, what is -1100101111010 + -10?
-1100101111100
In base 16, what is 2 - 4b?
-49
In base 13, what is -56 - 1a1?
-227
In base 10, what is 10 + -8?
2
In base 13, what is -4 - 14?
-18
In base 11, what is 3 + 19a?
1a2
In base 13, what is 16 - 44?
-2b
In base 14, what is -12a2 + 4?
-129c
In base 15, what is b4 + -d?
a6
In base 12, what is -240 - 2?
-242
In base 7, what is -3 - -160?
154
In base 6, what is 2 + 253?
255
In base 7, what is -13533 - 3?
-13536
In base 3, what is 2110102 - 10?
2110022
In base 2, what is 100 + 100110000111?
100110001011
In base 6, what is -40422 - 5?
-40431
In base 4, what is -1 + -1201?
-1202
In base 7, what is 21 - -4?
25
In base 12, what is -194 + 5?
-18b
In base 14, what is 7 + -17a?
-173
In base 6, what is -3 - -401?
354
In base 4, what is -12010 + 30?
-11320
In base 10, what is 5 - 4905?
-4900
In base 6, what is -4 - -3500?
3452
In base 6, what is -5 + 52?
43
In base 8, what is 3637 + -3?
3634
In base 14, what is -7 - -3d?
36
In base 8, what is 765 + -6?
757
In base 11, what is -10 - 334?
-344
In base 3, what is 22010 - -210?
22220
In base 2, what is 1101111001101 + 11?
1101111010000
In base 5, what is 2 - -34?
41
In base 7, what is 2 - 4145?
-4143
In base 11, what is 53 - -5?
58
In base 4, what is 33 - 2201?
-2102
In base 5, what is 1 + 113121?
113122
In base 11, what is 18 + -577?
-55a
In base 6, what is -25 + -2224?
-2253
In base 14, what is -17 - 1cb?
-204
In base 9, what is -31510 + -1?
-31511
In base 10, what is 28 + -9?
19
In base 11, what is -8 - -5?
-3
In base 12, what is -362 - 0?
-362
In base 13, what is 8a5 - -1?
8a6
In base 12, what is 4 + -697?
-693
In base 11, what is -2 - 113?
-115
In base 10, what is -364 + -4?
-368
In base 16, what is -6f - 5?
-74
In base 5, what is 1041242 - -4?
1041301
In base 15, what is a34 - 1?
a33
In base 4, what is -30200 - -11?
-30123
In base 2, what is -100011100 - -101?
-100010111
In base 9, what is 2 - 20?
-17
In base 3, what is 12 - 21102?
-21020
In base 12, what is 13 + -1b?
-8
In base 9, what is 5 - 64?
-58
In base 13, what is -257 + 17?
-240
In base 14, what is a1cd + 4?
a1d3
In base 14, what is -1bd9 - 2?
-1bdb
In base 5, what is 0 + -14313?
-14313
In base 15, what is 391 - 5?
38b
In base 9, what is -1 - -40?
38
In base 7, what is -1322 - -102?
-1220
In base 4, what is 10 - 132?
-122
In base 3, what is -1 - -12111211?
12111210
In base 13, what is -3 - -444?
441
In base 3, what is -101 + 11000?
10122
In base 6, what is -14415 - -3?
-14412
In base 15, what is -2 + 4e?
4c
In base 2, what is -100101 - -10?
-100011
In base 5, what is 2 + -21140?
-21133
In base 2, what is 1 + 100?
101
In base 10, what is 251 - 4?
247
In base 13, what is -73 - 0?
-73
In base 6, what is 30 - 51?
-21
In base 10, what is -5 + 44?
39
In base 8, what is 2 + -4125?
-4123
In base 6, what is 5 - -2030?
2035
In base 13, what is -4 - -39?
35
In base 14, what is 2c - 14?
18
In base 4, what is -120101 - -2?
-120033
In base 6, what is 20 - -322?
342
In base 9, what is -2 + 76?
74
In base 16, what is 5 - 32?
-2d
In base 9, what is 1 - -3718?
3720
In base 8, what is 1222 - -2?
1224
In base 13, what is 94b0 + 2?
94b2
In base 12, what is 88b - -2?
891
In base 10, what is 2 - -760?
762
In base 9, what is 44 + -83?
-38
In base 5, what is -131 - -1232?
1101
In base 12, what is 4 - a?
-6
In base 10, what is -501 + 3?
-498
In base 14, what is a9 - -a9?
174
In base 14, what is 0 - -84?
84
In base 2, what is -11 + -111?
-1010
In base 10, what is 337 + 1?
338
In base 11, what is 116 - -2?
118
In base 12, what is 3 + 4b3?
4b6
In base 9, what is 0 - 5716?
-5716
In base 3, what is 20222 + -10?
20212
In base 13, what is -2 - 56?
-58
In base 16, what is 4d + -21?
2c
In base 9, what is -118 + 4?
-114
In base 2, what is 10100100 - -100?
10101000
In base 6, what is 4 + -451?
-443
In base 7, what is 1016 - -30?
1046
In base 3, what is -11 - -122220?
122202
In base 7, what is 15 - 103?
-55
In base 8, what is 46 + 40?
106
In base 9, what is 1 - 24?
-23
In base 14, what is -2696 - 4?
-269a
In base 8, what is -530 - -1?
-527
In base 12, what is -83 - -13?
-70
In base 10, what is 2268 - 3?
2265
In base 13, what is 2 - -31?
33
In base 4, what is 3102 - 100?
3002
In base 5, what is -10142 + 113?
-10024
In base 16, what is 3 - -fc?
ff
In base 5, what is -3 + -321?
-324
In base 7, what is 3 + -1114?
-1111
In base 16, what is -5 - -4d?
48
In base 15, what is 1b3 + -10?
1a3
In base 5, what is -220331 + -3?
-220334
In base 9, what is 4 - 5072?
-5067
In base 10, what is -5635 - -2?
-5633
In base 11, what is 1 + 329?
32a
In base 2, what is -1111011101 + -100?
-1111100001
In base 10, what is 292 - -18?
310
In base 4, what is 22301 + 11?
22312
In base 5, what is 3214 - -100?
3314
In base 4, what is 20 - 132?
-112
In base 15, what is -3043 - -5?
-303d
In base 7, what is 5 + -30?
-22
In base 11, what is -52 + 5?
-48
In base 15, what is 6a + -5?
65
In base 15, what is 3 - d05?
-d02
In base 11, what is 692 - 9?
684
In base 16, what is -10 + 30?
20
In base 7, what is -63 - -1?
-62
In base 4, what is 11 - -232111?
232122
In base 16, what is -8 + 11?
9
In base 8, what is 112 - -4?
116
In base 8, what is 4 - -35?
41
In base 13, what is 5 - 267?
-262
In base 15, what is -2 - -a?
8
In base 12, what is -43 - ab?
-132
In base 15, what is -1068 - -1?
-1067
In base 11, what is 915 + 5?
91a
In base 12, what is 27 + -2b?
-4
In base 7, what is 2661 + -3?
2655
In base 11, what is -37 - 0?
-37
In base 16, what is 3 - -2f9?
2fc
In base 15, what is -6e + -a?
-79
In base 16, what is 1 + 47?
48
In base 8, what is -767 + -1?
-770
In base 11, what is -2543 + 0?
-2543
In base 10, what is -3 + -2000?
-2003
In base 7, what is 0 - 262?
-262
In base 11, what is 2 + -87?
-85
In base 14, what is -4b - 16?
-63
In base 13, what is -3 - -b0?
aa
In base 9, what is 210 - -5?
215
In base 13, what is 1099 - 3?
1096
In base 6, what is -143 - -2?
-141
In base 5, what is -1 - 31?
-32
In base 6, what is -2 - 5525?
-5531
In base 9, what is 101 - 132?
-31
In base 5, what is 21 + 23203?
23224
In base 14, what is 3 - -12b?
130
In base 2, what is -10 - 111001011?
-111001101
In base 10, what is 28 + -51?
-23
In base 10, what is 1 - -4153?
4154
In base 10, what is -10 + -18?
-28
In base 6, what is 534031 + -3?
534024
In base 2, what is -10001110 + 100?
-10001010
In base 9, what is 1445 - -7?
1453
In base 3, what is -112121 - -20?
-112101
In base 4, what is -133 - 232?
-1031
In base 6, what is -41513 + -5?
-41522
In base 2, what is -100000111 - 1011?
-100010010
In base 5, what is -10 + 12323?
12313
In base 13, what is -29 + 37?
b
In base 13, what is -3 - -257?
254
In base 12, what is -3 - 32?
-35
In base 2, what is -10010101 + 1001?
-10001100
In base 8, what is -2 + 45?
43
In base 12, what is -24a3 - 1?
-24a4
In base 5, what is 312 - -2?
314
In base 9, what is 54 + 6?
61
In base 13, what is 117c - -1?
1180
In base 2, what is 101 - 1100101?
-1100000
In base 9, what is -7 - 344?
-352
In base 12, what is -47 - -81?
36
In base 12, what is 10 + 0?
10
In base 15, what is -11 - 3?
-14
In base 14, what is -3 + 1790?
178b
In base 5, what is -1400 + 4?
-1341
In base 16, what is 3 + 79?
7c
In base 11, what is -3 - -48?
45
In base 13, what is 3 + b5?
b8
In base 3, what is -12020201 - 0?
-12020201
In base 16, what is 10 - 12c?
-11c
In base 8, what is 3 - -64?
67
In base 9, what is -1106 - -4?
-1102
In base 13, what is -1 - 4?
-5
In base 3, what is -12212 - -1122?
-11020
In base 3, what is -10 + -11201?
-11211
In base 8, what is -3 - 104?
-107
In base 9, what is -8 + -246?
-255
In base 11, what is 308 - 5?
303
In base 9, what is -3 - -1?
-2
In base 16, what is 89 + 2?
8b
In base 5, what is -3 - 301?
-304
In base 8, wh